culate the greatest common divisor of 220370 and 32.
2
What is the greatest common divisor of 52714288 and 33?
11
What is the highest common factor of 1189985 and 145?
5
What is the greatest common factor of 7202 and 493895155?
3601
Calculate the greatest common divisor of 2702 and 24244660.
386
What is the greatest common factor of 26610400 and 775?
775
Calculate the highest common divisor of 1102 and 19895160.
58
What is the highest common divisor of 60 and 734805?
15
What is the greatest common factor of 261 and 162272429?
29
What is the highest common divisor of 20776 and 9184?
56
What is the greatest common factor of 83696334 and 857?
857
Calculate the greatest common factor of 68200034 and 126.
14
Calculate the greatest common factor of 421961 and 252973.
509
Calculate the greatest common factor of 961 and 855941.
31
What is the greatest common divisor of 22598862 and 156?
78
Calculate the greatest common factor of 2649 and 8812340.
883
What is the greatest common factor of 234715 and 35282?
299
What is the greatest common factor of 8052 and 1343386?
22
Calculate the greatest common factor of 862008 and 4172.
28
What is the greatest common divisor of 25960657 and 332?
83
Calculate the highest common divisor of 16225715 and 66880.
1045
Calculate the greatest common factor of 10075 and 24385375.
775
What is the greatest common factor of 8431590 and 240?
30
Calculate the highest common factor of 13070012 and 530.
106
What is the greatest common divisor of 170487274 and 2?
2
What is the highest common divisor of 7556944 and 104?
8
Calculate the greatest common factor of 635937 and 21.
3
Calculate the highest common divisor of 96 and 2585888.
32
Calculate the greatest common divisor of 2512 and 2081663.
157
What is the greatest common factor of 105 and 8120540?
5
What is the highest common factor of 66 and 1032576?
6
Calculate the greatest common divisor of 10535 and 54238835.
245
What is the highest common factor of 24232458 and 348?
174
Calculate the highest common factor of 3195 and 208099296.
639
What is the greatest common factor of 19922956 and 7006?
62
What is the greatest common divisor of 4278 and 1555766?
1426
What is the highest common factor of 244453349 and 35?
7
What is the highest common factor of 6593442 and 564?
282
What is the greatest common factor of 1041072 and 12792?
984
Calculate the greatest common divisor of 3258 and 83938026.
1086
What is the highest common factor of 2768 and 91660?
4
Calculate the greatest common factor of 214115 and 11645.
85
Calculate the greatest common divisor of 574531314 and 52696.
13174
Calculate the highest common factor of 116 and 5293573.
29
Calculate the greatest common factor of 172 and 85133808.
172
What is the greatest common factor of 144 and 23691744?
144
What is the highest common factor of 10916740 and 356?
356
Calculate the highest common factor of 124 and 1027464.
124
Calculate the greatest common divisor of 43983 and 2176887.
543
Calculate the highest common divisor of 1061944561 and 19.
19
What is the greatest common divisor of 188898 and 160626?
114
What is the greatest common divisor of 5696 and 4856624?
16
What is the highest common divisor of 103587 and 348683259?
9417
Calculate the highest common factor of 568 and 6754372.
284
Calculate the greatest common factor of 2148 and 88846292.
716
What is the greatest common factor of 521848 and 514?
2
Calculate the highest common factor of 1282483 and 6195.
59
Calculate the greatest common divisor of 1787212 and 6496.
812
Calculate the greatest common divisor of 85174145 and 859.
859
What is the greatest common factor of 22936320 and 108288?
2304
Calculate the greatest common factor of 3005695 and 8470.
385
What is the greatest common divisor of 1548 and 3190557?
129
Calculate the highest common divisor of 2312 and 12339722.
578
What is the greatest common divisor of 9545 and 1315?
5
What is the greatest common divisor of 35801315 and 715?
55
What is the highest common factor of 1435300 and 320?
20
Calculate the greatest common divisor of 16 and 4155376.
16
Calculate the greatest common factor of 723839615 and 1395.
155
What is the greatest common divisor of 5180 and 1951138?
14
What is the highest common divisor of 75732824 and 136?
136
What is the highest common divisor of 22098443 and 3007?
3007
Calculate the greatest common factor of 5022 and 20800566.
558
Calculate the greatest common divisor of 14220 and 125.
5
Calculate the highest common divisor of 6333150 and 345.
15
Calculate the highest common factor of 309 and 222285948.
309
What is the greatest common divisor of 128292 and 15324?
12
Calculate the highest common divisor of 415522 and 961382.
1114
What is the greatest common divisor of 12 and 20928714?
6
What is the greatest common factor of 11936 and 99744?
32
What is the highest common factor of 14492431 and 29?
29
Calculate the greatest common divisor of 4950730 and 2410.
10
Calculate the greatest common factor of 163824378 and 542.
542
Calculate the highest common divisor of 10 and 423870.
10
Calculate the highest common divisor of 74813357 and 16712.
2089
What is the greatest common divisor of 16773600 and 1500?
300
What is the greatest common factor of 341365 and 213864?
67
What is the highest common divisor of 85310627 and 194?
97
Calculate the greatest common factor of 783888 and 3206.
14
Calculate the greatest common factor of 96038 and 104966.
62
Calculate the highest common divisor of 128 and 121438.
2
Calculate the greatest common divisor of 22 and 874888333.
11
Calculate the highest common factor of 2839810 and 1863.
23
Calculate the highest common factor of 4818 and 1232049324.
4818
Calculate the highest common factor of 11650 and 43787690.
2330
What is the greatest common divisor of 4838625 and 500?
125
Calculate the highest common factor of 176 and 197993477.
11
What is the highest common factor of 8700 and 9252015?
435
Calculate the greatest common divisor of 56254604 and 280.
28
Calculate the greatest common divisor of 406236 and 2458356.
4188
What is the greatest common factor of 13401 and 124965?
9
What is the greatest common divisor of 2364 and 7608?
12
Calculate the highest common factor of 10104 and 47317874.
842
Calculate the highest common factor of 1335 and 165525582.
267
Calculate the highest common factor of 1726 and 143252822.
1726
What is the highest common factor of 1396519 and 13547?
589
Calculate the highest common divisor of 46540 and 900.
20
What is the highest common divisor of 13851 and 1507572?
729
What is the highest common factor of 27 and 13281951?
3
What is the greatest common factor of 74 and 2218?
2
Calculate the highest common divisor of 2041083 and 605737.
583
Calculate the highest common divisor of 28261 and 2419.
59
Calculate the highest common divisor of 1526 and 1221737727.
763
Calculate the highest common divisor of 442 and 356569798.
442
Calculate the greatest common divisor of 725 and 6439075.
25
Calculate the greatest common factor of 1390 and 41686934.
278
Calculate the highest common divisor of 5645856 and 48.
48
What is the greatest common divisor of 2590088 and 3414?
1138
Calculate the highest common factor of 15110 and 29155.
5
Calculate the highest common factor of 23070 and 467070.
30
What is the greatest common divisor of 149022 and 2102526?
306
Calculate the greatest common factor of 10 and 4208322.
2
What is the greatest common factor of 23828376 and 636?
636
What is the greatest common divisor of 18961435 and 4593?
1531
Calculate the highest common factor of 90234655 and 665.
35
What is the highest common factor of 22000 and 1250920?
440
What is the greatest common divisor of 21 and 10065027?
21
What is the greatest common divisor of 126799 and 56471?
149
What is the greatest common factor of 518158 and 49282?
82
Calculate the highest common divisor of 180838 and 1253.
7
Calculate the highest common divisor of 183048 and 557844.
348
What is the highest common factor of 25104483 and 117?
9
Calculate the highest common factor of 41938 and 146299100.
3226
What is the greatest common factor of 12012430 and 1072?
134
What is the greatest common divisor of 2401 and 36227023?
49
What is the greatest common divisor of 264 and 545677?
11
Calculate the highest 